30103
What is -b76b2 (base 15) in base 7?
-4642562
Convert -605304 (base 13) to base 12.
-8bba46
224124 (base 8) to base 10
75860
Convert -1d3b12 (base 15) to base 2.
-101011101001001100101
What is 101694 (base 14) in base 6?
15340402
Convert -1b7008 (base 14) to base 2.
-11101111001010100000
What is -11682578 (base 9) in base 15?
-780b1b
What is -11101000010100010000 (base 2) in base 15?
-13be2d
-200131123 (base 4) to base 12
-64b37
What is 40133323 (base 5) in base 6?
10452015
Convert -d1dbb7 (base 14) to base 16.
-6bd9d5
What is 1353130 (base 6) in base 2?
10010110101101110
-1000100101110110110000 (base 2) to base 13
-60b18a
Convert 101101110101111001 (base 2) to base 3.
100112120102
100540104 (base 6) to base 3
10020120111111
Convert -112523 (base 6) to base 5.
-302244
Convert 51033346 (base 7) to base 13.
b57815
-3c3140 (base 16) to base 11
-2254843
What is 451a5 (base 12) in base 14?
2568d
Convert -381844 (base 9) to base 7.
-1651423
What is 4553 (base 9) in base 6?
23333
-1374203 (base 9) to base 10
-757596
Convert -91dd7 (base 15) to base 9.
-773824
-1001212211001 (base 3) to base 8
-2126246
What is -984b2 (base 13) in base 2?
-1000011001111110110
What is -65102230 (base 7) in base 3?
-101102211012201
What is -55354043 (base 6) in base 2?
-110010110001010101011
Convert -1200299 (base 10) to base 12.
-49a74b
What is 29345 (base 10) in base 15?
8a65
-1d275 (base 16) to base 12
-59131
What is -8b132 (base 12) in base 16?
-2d2f6
1000001001101101101 (base 2) to base 3
111120102020
What is 2daab (base 14) in base 15?
23e60
Convert -1026624 (base 10) to base 6.
-34000520
What is -1003004310 (base 5) in base 10?
-2000580
Convert 103223320303 (base 4) to base 7.
61602121
Convert -2151741 (base 8) to base 7.
-4626450
-a8b255 (base 12) to base 2
-1010001100101110100001
Convert -222122222100 (base 3) to base 5.
-113243422
-2132532 (base 6) to base 9
-170772
What is -270c9 (base 13) in base 3?
-10200200100
What is 2012321210 (base 4) in base 13?
164669
What is 16e58 (base 16) in base 6?
2002104
Convert -10461 (base 12) to base 3.
-1002100001
-501142 (base 7) to base 11
-584aa
-203113320 (base 4) to base 11
-99947
Convert -b2132e (base 15) to base 5.
-4131132334
What is 10111011011011110101 (base 2) in base 5?
144031413
Convert 158c92 (base 14) to base 16.
b82a0
What is -25886 (base 9) in base 3?
-212222220
-10100110010100001 (base 2) to base 9
-138724
What is -4000560 (base 7) in base 3?
-212220221010
15276 (base 16) to base 14
23810
Convert -1921977 (base 10) to base 11.
-10a3012
47122 (base 12) to base 14
269aa
Convert 2161a6 (base 13) to base 11.
496564
-a5d78 (base 14) to base 8
-1416226
Convert -2213a (base 11) to base 16.
-7d6c
Convert 386168 (base 10) to base 5.
44324133
Convert 1c5566 (base 13) to base 7.
6112304
Convert -600742 (base 12) to base 11.
-930558
1468a88 (base 11) to base 4
21212021231
43434440 (base 5) to base 12
160796
Convert 2334314141 (base 5) to base 7.
63530205
Convert 531610 (base 16) to base 15.
728591
7260 (base 16) to base 5
1414110
Convert 12020100301 (base 4) to base 15.
21b0da
Convert -78519c (base 13) to base 9.
-5306116
543163 (base 7) to base 11
65218
100010001100001110 (base 2) to base 5
13440141
What is 5213 (base 13) in base 14?
41bd
3121b (base 12) to base 13
23321
What is -2553a (base 12) in base 14?
-14782
Convert -53813 (base 12) to base 2.
-11010110111001111
Convert 4016 (base 11) to base 15.
18b1
10011100010110000111 (base 2) to base 13
19563b
52e4a (base 15) to base 14
6bc47
What is 82b37 (base 14) in base 5?
40040041
What is -731235 (base 9) in base 8?
-1517435
Convert 12221223120 (base 4) to base 10.
1743576
-10101111111011111 (base 2) to base 11
-61750
What is -7052174 (base 8) in base 11?
-1058a11
Convert 401454555 (base 6) to base 4.
121331011013
Convert -101011221002000 (base 3) to base 13.
-1176132
Convert 132055 (base 13) to base 15.
91aca
What is 253331201 (base 6) in base 12?
1796b01
What is -104625443 (base 7) in base 3?
-102221020221022
What is 89957 (base 13) in base 9?
420655
112300121 (base 5) to base 15
a0e0b
Convert 16c392b (base 13) to base 9.
14836325
What is -2110230323 (base 4) in base 13?
-184307
What is -210712 (base 8) in base 12?
-3468a
-a0771d (base 16) to base 3
-201210021120212
Convert -73b0b5 (base 12) to base 15.
-260302
What is -33315003 (base 6) in base 2?
-11110101011110101011
What is -60bc7 (base 14) in base 2?
-111000110101111011
What is 5585d5 (base 16) in base 11?
3188a92
What is 670144 (base 9) in base 14?
a5c7c
2142443 (base 5) to base 3
1220002120
What is 89c914 (base 13) in base 14?
60a491
111222232 (base 4) to base 15
1b46a
12211440 (base 5) to base 16
1c70f
276203 (base 8) to base 12
48457
What is -101130303220 (base 4) in base 8?
-21346350
What is 1338334 (base 9) in base 16?
b34a9
Convert 10310122312 (base 4) to base 2.
100110100011010110110
-234701 (base 9) to base 15
-2bcca
What is -492020 (base 10) in base 11?
-306731
What is 6345013 (base 10) in base 11?
3644114
Convert 616664 (base 8) to base 4.
301312310
Convert -1001332131 (base 4) to base 7.
-2203602
-72434c (base 16) to base 8
-34441514
Convert 230056400 (base 7) to base 6.
1220213522
-10011100110001000110 (base 2) to base 7
-5313031
Convert 199467 (base 13) to base 2.
10011110011010101100
What is 77b3 (base 16) in base 12?
15897
-111324120 (base 5) to base 3
-221011202011
What is 268663 (base 9) in base 10?
163839
2141534 (base 6) to base 10
106690
What is -494ac (base 13) in base 2?
-100000111010110011
51211 (base 6) to base 10
6775
Convert 131322321130 (base 4) to base 7.
123445054
102310203320 (base 4) to base 6
253430012
What is -16626161 (base 7) in base 12?
-66b57b
What is 5300234 (base 6) in base 11?
165956
Convert 2217172 (base 8) to base 14.
117b18
Convert 665a6 (base 14) to base 11.
15a433
Convert 351344024 (base 6) to base 11.
374a552
What is 9210 (base 11) in base 4?
2333020
Convert -1111101000111001011 (base 2) to base 11.
-320022
-41313102 (base 5) to base 13
-bb117
What is 1020102220 (base 3) in base 15?
7353
What is 132780a (base 13) in base 15?
7dc151
3723235 (base 10) to base 8
16147743
-4542304 (base 6) to base 11
-148801
-81422 (base 13) to base 12
-b1aa5
Convert -1000101111 (base 2) to base 8.
-1057
Convert -344043 (base 6) to base 15.
-8aa3
211200201002 (base 3) to base 9
750632
Convert 696306 (base 10) to base 13.
1b4c20
What is -352ac (base 13) in base 16?
-17b7c
Convert -41909 (base 14) to base 15.
-31d06
Convert 41355 (base 11) to base 2.
1110101110011110
What is -7751777 (base 8) in base 3?
-10220222022002
What is -23301233 (base 5) in base 8?
-637325
What is -121562 (base 11) in base 10?
-192337
Convert -4170551 (base 11) to base 2.
-11100000010100010101011
Convert -136942 (base 14) to base 16.
-a3e7e
What is -109416 (base 11) in base 14?
-47351
What is -1317111 (base 14) in base 2?
-100011000110010011001011
What is -3d9a4 (base 14) in base 6?
-3135312
What is 10211111111210 (base 3) in base 16?
1f15ce
Convert 11003 (base 4) to base 9.
388
Convert -122213331 (base 5) to base 6.
-20314254
-2915c (base 13) to base 2
-10010110101010101
Convert ccba2 (base 13) to base 10.
371087
What is -1101100110010111 (base 2) in base 6?
-1105515
Convert -40852a (base 13) to base 7.
-15531521
Convert 31323303232 (base 4) to base 9.
6776677
What is 326118 (base 9) in base 3?
100220010122
What is 74147 (base 11) in base 7?
626551
What is -3cec4 (base 15) in base 10?
-195709
What is 10202122101121 (base 3) in base 12?
80595a
What is 120322231331 (base 4) in base 5?
3133010330
1148715 (base 10) to base 12
474923
-2010020200011 (base 3) to base 15
-173cea
3cdc7 (base 14) to base 3
21122222212
-21100110210 (base 3) to base 13
-50b1a
Convert 1213457 (base 10) to base 8.
4502021
What is -3125063 (base 7) in base 9?
-633178
2037766 (base 8) to base 10
540662
-21422023 (base 6) to base 9
-1175746
Convert 12113320 (base 4) to base 15.
7b04
What is 42953 (base 11) in base 13?
2250c
What is 96c9c (base 14) in base 15?
730d3
What is 112222133 (base 4) in base 6?
1553435
-13023201 (base 4) to base 16
-72e1
Convert -110100010100001100110 (base 2) to base 14.
-328a46
10122022121212 (base 3) to base 8
7303565
Convert c5b01 (base 15) to base 5.
130024401
Convert -2131002322 (base 4) to base 2.
-1001110